 - 5*f - 57 = 0, 0 = -5*u - f - 149 + 251. Calculate the remainder when u is divided by (-322)/(-21) + (-2)/(-3).
5
Suppose 3*g - 52 = -1. Suppose -3*s + g = -25. Let n(k) = 2*k**3 + 294*k**2 + 20*k + 2964. What is the remainder when n(-147) is divided by s?
10
Suppose -2 = b - 7. Suppose -b*n = 5*p - 2*n, -p + 4*n = 0. Suppose p = 2*r - 5*r + 15. What is the remainder when 13 is divided by r?
3
Let d(o) = -o - 4. Let j be d(-6). Let z be (-71 + j)*(-24)/9. Let n = z - 35. Calculate the remainder when n is divided by 19.
16
Suppose 4*m - v = 209, -3*m - 19*v = -4*m + 146. Calculate the remainder when 667 is divided by m.
4
What is the remainder when 1012 is divided by 5 + 2 - (-93 + -15 + 30)?
77
Let f(z) be the third derivative of 1/24*z**4 + 22*z**2 + 0 - 2/3*z**3 + 0*z. What is the remainder when 28 is divided by f(10)?
4
Suppose -298*i + 3149322 = 885618 - 4117072. Calculate the remainder when i is divided by 129.
127
Suppose 9*q - 299 - 948 = 220. What is the remainder when 175 is divided by q?
12
Suppose 5*c + u = 36, 2*c - 2*u = 12 + 12. Suppose 3*k = 63 + 45. What is the remainder when k is divided by c?
4
Let f = -12134 + 12221. Calculate the remainder when 5131 is divided by f.
85
Let o(i) = -10*i**2 + 4*i - 7. Let p(v) = -15*v**2 + 5*v - 10. Let g(u) = 7*o(u) - 5*p(u). Calculate the remainder when g(-2) is divided by 4.
3
Let g = 6693 + 3312. Calculate the remainder when g is divided by 24.
21
Suppose 0 = -3*x + 4*k + 4402, -7322 = -5*x - 732*k + 735*k. What is the remainder when x is divided by 24?
22
What is the remainder when 1035 + -5 - (-21 + 9 - 0) is divided by 96?
82
Let w = -9443 + 12277. Calculate the remainder when 5677 is divided by w.
9
Suppose -5*q = -4*o + 55, 43 - 38 = 2*o + 5*q. What is the remainder when 153 is divided by o?
3
Suppose 4408 = 157*z - 155*z. Calculate the remainder when 4432 is divided by z.
24
Let u be -3 - (1/(-5) - 316/20). Suppose 0 = 11*o + u + 9. What is the remainder when o/3 - (-1328)/12 is divided by 19?
15
Let y = 172 - 162. What is the remainder when ((-18)/y)/(-3) + (-304)/(-10) is divided by 7?
3
Let i be 1408/5 - (8/(-20) + 0). Suppose -3*r = -10*k + 11*k - i, r = -5*k + 94. Let z(h) = -3*h + 6. What is the remainder when r is divided by z(-6)?
22
Let d(i) = i**3 - 60*i**2 + 529*i - 61. What is the remainder when d(51) is divided by 22?
11
Let a(c) = 98*c + 4348. What is the remainder when 502 is divided by a(-44)?
34
Let q(k) be the third derivative of -1/2*k**3 + 0*k + 15*k**2 + 0*k**4 + 0 + 1/15*k**5. Calculate the remainder when 95 is divided by q(3).
29
Let m = 708 + -705. Let q(l) = 19*l**3 + 6*l - 12. What is the remainder when q(m) is divided by 52?
51
Let c(b) = -36*b**3 + 2*b**2 - 106*b + 37. What is the remainder when c(-8) is divided by 88?
85
What is the remainder when (-16)/(-104) - 221027/(-247) is divided by 219?
19
Let g = 53 - 29. Calculate the remainder when g is divided by (26/(-3))/((-25)/(-3) - 9).
11
Suppose 17*c - 92*c + 414816 = -27*c. Calculate the remainder when c is divided by 67.
66
Let y(o) = -2*o**2 + 84*o - 74. Let d be y(41). What is the remainder when ((-12)/d - -3) + (-6465)/(-30) is divided by 11?
8
Suppose q = 234*r - 231*r + 418, r - 1659 = -4*q. What is the remainder when q is divided by 190?
35
Let w(t) = t**3 + 7*t**2 - 11*t + 53. Calculate the remainder when 11239 is divided by w(-8).
74
Let b = -627 + 666. What is the remainder when b/(-6)*(-4 + -10) is divided by 26?
13
Let s(x) = -3*x + 30. Let h be s(10). Suppose l + 2*j - 83 = 0, 0 = -5*l - h*l + j + 404. What is the remainder when l is divided by (-2)/(-5) - (-552)/20?
25
What is the remainder when 274 is divided by 8 + (4/(-12)*6 - 2)?
2
Let s = 85 + -82. Suppose s*u - 2*u - 5 = 0, 0 = -4*p - 2*u + 58. Suppose 6*f = p*f - 390. What is the remainder when f is divided by 22?
21
Suppose -7*q + 9*q + 134 = 0. Let r = -22 - q. Calculate the remainder when r is divided by 8.
5
Let i = 69 + 204. Let x = i - 250. Calculate the remainder when 295 is divided by x.
19
Suppose 57 = 4*x + 4*k - 7, 2*k = -4*x + 54. Suppose -69*p + 72*p - 1710 = 0. Calculate the remainder when p is divided by x.
9
Let n be (-2)/8 + (-3287)/(-76). Suppose n - 7 = 9*p. Suppose 2*t = -5*o + 95, 0*o - p*o + 94 = -2*t. What is the remainder when 209 is divided by o?
20
Suppose 4*g - 11 = 17, -g + 352 = 5*m. What is the remainder when m is divided by 33?
3
Let r be 0 - 0 - ((-4)/(-2) - 2). Let z be 4*(r + (-3)/(-9))*9. Suppose z*d - 7*d = 215. Calculate the remainder when d is divided by 23.
20
Let i = 3192 + -2981. Calculate the remainder when 649 is divided by i.
16
Let y be 1186/11 + -5*12/(-330). Let j = 180 - y. What is the remainder when j is divided by 13?
7
Let y be -1 + 3 + (1 - 0 - -1). Suppose n - 603 = -4*q, y*q - 471 = -3*n + 138. Calculate the remainder when q is divided by 18.
6
Suppose 2*o = -0*o - 12. Let b(u) = 3*u**2 + 9*u - 7. Let r be b(o). Let g = r - 27. Calculate the remainder when g is divided by 8.
4
Let o(v) = 16*v**3 - 2*v**2 + 3*v + 4. Let g be o(-1). Calculate the remainder when (-5 - (9 + g))*(-2 - -75) is divided by 55.
54
Calculate the remainder when ((-4056)/(-144))/(4/408) is divided by 96.
89
Suppose 0 = -5*h - 70 + 85. Suppose 49 = h*x - 7*j + 12*j, 0 = j - 5. Calculate the remainder when 67 is divided by x.
3
What is the remainder when 3/((-30)/(-8))*(-345415)/(-142) is divided by 85?
76
Suppose -9*x = 14*x - 92. Suppose 5*v + 2*b = 4*v + 36, -x*v = 4*b - 128. Calculate the remainder when 28 is divided by v.
0
Suppose -20*l = -17*l - 963. Let m(s) = -2*s**2 + 24*s + 102. What is the remainder when l is divided by m(15)?
9
Let n(b) = 5*b**3 - 4*b**2 + 11*b - 25. Suppose 0 = 4*z + 4*a - 32, -3*z + 2*a - 5 = -4. What is the remainder when n(z) is divided by 28?
23
Let x(k) = -159*k + 2744. What is the remainder when 3566 is divided by x(17)?
40
What is the remainder when 497 is divided by ((-12800)/(-320))/(5/22)?
145
Let d(l) = 14*l**2 - l + 1. Let i be d(-1). Suppose -i*v + 17*v = 9. What is the remainder when 38 is divided by v?
2
Suppose -67*v = -25*v - 78960. Calculate the remainder when v is divided by 57.
56
Let g(y) = 3*y**3 - 397*y**2 - 265*y - 13. Suppose 22 = 2*c + 5*h, -4*c + 8*c = 5*h + 44. Calculate the remainder when g(133) is divided by c.
10
Let y(b) = -229*b - 2321. What is the remainder when 604 is divided by y(-11)?
10
Suppose 2*f = -3*a + 172, -196 = -2*f + a - 24. Suppose -4*t - 9 + 43 = 5*r, -3*t + 18 = 3*r. What is the remainder when f is divided by r?
6
Let g(d) = -d**3 - 12*d**2 - 22*d - 2. Calculate the remainder when -35*((-17 - -12) + 22/14) is divided by g(-10).
12
Suppose -2*k = 4*d - 39 - 5, 0 = 2*k + 8. Suppose 2*f - f = 356. Suppose d*v - f = 9*v. Calculate the remainder when v is divided by 30.
29
Suppose 0 = 4*x - 4*a - 220, 0*x - 3*x + 5*a + 159 = 0. Let b = 11 - 14. Let v(i) = 2*i**2 + i + 5. What is the remainder when x is divided by v(b)?
18
Suppose -4*o - 48*o + 10*o + 4452 = 0. Let a be 7*(-1)/(-3 + 2). Let z(c) = c**3 - 7*c**2 + 5*c - 8. Calculate the remainder when o is divided by z(a).
25
Suppose j + 3*j = 20. Let f(u) = 31*u - 142. Let z be f(6). What is the remainder when -1 + 1 - (36 - z) is divided by j?
3
Calculate the remainder when ((-98)/(-28))/(2*1/152) is divided by 140.
126
Suppose 0 = 2*p + 5 - 7. Suppose -47 = 8*a + p. Let t(q) = 2*q**2 + 3*q + 9. Calculate the remainder when t(a) is divided by 22.
19
Suppose -143 = -4*u + 4*o + 101, -173 = -3*u + 5*o. What is the remainder when u is divided by 2?
0
Suppose 0 = 4*f - b - 529, -8*f = -3*f + 2*b - 671. Let v = 78 - f. Let u = 68 + v. What is the remainder when 34 is divided by u?
8
Let a = -124 - -125. Suppose -2*w - a = -53. Calculate the remainder when 61 is divided by w.
9
Let t(p) = p**3 + 64*p**2 - 420*p + 176. Calculate the remainder when t(-70) is divided by 45.
41
Let z(t) = 14*t**2 + 433*t - 49. Calculate the remainder when z(-32) is divided by 55.
46
Let b be 2262/(-9)*18/(-12). Suppose -14*s = -1023 - b. Calculate the remainder when s is divided by 27.
19
Let s be ((-6)/10)/(3/(-49 - -4)). Suppose -s*u = -0*u - 369. Calculate the remainder when 161 is divided by u.
38
What is the remainder when (-636)/954*((-8714)/4 + -1) is divided by 18?
13
Let r = 716 - 543. Let u = r